the ten millions digit of 52458970?
5
What is the hundred thousands digit of 7805755646?
7
What is the tens digit of 26072924?
2
What is the hundred thousands digit of 40268337?
2
What is the ten thousands digit of 157755734?
5
What is the hundred millions digit of 1831167970?
8
What is the billions digit of 1018106806?
1
What is the millions digit of 37199196?
7
What is the tens digit of 258027537?
3
What is the hundred thousands digit of 62193271?
1
What is the millions digit of 4604446?
4
What is the thousands digit of 318640378?
0
What is the hundred thousands digit of 4862836946?
8
What is the units digit of 159709774?
4
What is the hundred millions digit of 1382462199?
3
What is the tens digit of 348916896?
9
What is the thousands digit of 98297194?
7
What is the hundred thousands digit of 4292680807?
6
What is the hundred thousands digit of 22155808?
1
What is the hundred thousands digit of 24792414?
7
What is the thousands digit of 6455553684?
3
What is the ten thousands digit of 67242664?
4
What is the ten thousands digit of 11076101?
7
What is the hundred thousands digit of 34124999?
1
What is the hundred thousands digit of 191821946?
8
What is the millions digit of 372812248?
2
What is the millions digit of 17213433?
7
What is the hundred millions digit of 243275724?
2
What is the hundreds digit of 17730733?
7
What is the units digit of 9378286?
6
What is the thousands digit of 3000674093?
4
What is the thousands digit of 37386308?
6
What is the hundreds digit of 112651369?
3
What is the thousands digit of 447495850?
5
What is the tens digit of 173381020?
2
What is the thousands digit of 111989769?
9
What is the hundreds digit of 509552?
5
What is the hundred millions digit of 113143251?
1
What is the hundreds digit of 47957774?
7
What is the ten millions digit of 44369364?
4
What is the tens digit of 212879389?
8
What is the millions digit of 241078305?
1
What is the thousands digit of 4634979415?
9
What is the millions digit of 361798489?
1
What is the hundreds digit of 530760040?
0
What is the thousands digit of 375566538?
6
What is the hundreds digit of 85971413?
4
What is the hundreds digit of 4732910596?
5
What is the billions digit of 1770588908?
1
What is the ten thousands digit of 48666939?
6
What is the tens digit of 27326063?
6
What is the hundreds digit of 77114282?
2
What is the millions digit of 36861702?
6
What is the hundred thousands digit of 512256927?
2
What is the hundred thousands digit of 34527750?
5
What is the ten thousands digit of 128959706?
5
What is the ten millions digit of 278919009?
7
What is the tens digit of 100945147?
4
What is the units digit of 251875306?
6
What is the hundreds digit of 65466906?
9
What is the ten thousands digit of 505588724?
8
What is the billions digit of 1475985357?
1
What is the tens digit of 42521085?
8
What is the ten thousands digit of 4086414558?
1
What is the hundred millions digit of 237229434?
2
What is the hundreds digit of 81625427?
4
What is the units digit of 595463729?
9
What is the ten thousands digit of 655152253?
5
What is the ten millions digit of 98441161?
9
What is the hundred millions digit of 222617501?
2
What is the tens digit of 71584788?
8
What is the billions digit of 5695860197?
5
What is the millions digit of 2271558947?
1
What is the ten millions digit of 148825990?
4
What is the hundreds digit of 135247269?
2
What is the hundred thousands digit of 484283426?
2
What is the millions digit of 1757978?
1
What is the hundred millions digit of 664870310?
6
What is the ten millions digit of 524281283?
2
What is the millions digit of 110191997?
0
What is the ten millions digit of 3554972331?
5
What is the millions digit of 38918810?
8
What is the hundred thousands digit of 389331060?
3
What is the millions digit of 647631752?
7
What is the units digit of 145684947?
7
What is the hundreds digit of 1499862396?
3
What is the ten thousands digit of 287798631?
9
What is the thousands digit of 545670238?
0
What is the millions digit of 364123009?
4
What is the ten thousands digit of 4552698?
5
What is the hundred thousands digit of 960696082?
6
What is the hundreds digit of 82594650?
6
What is the ten thousands digit of 24854276?
5
What is the thousands digit of 4759281181?
1
What is the ten millions digit of 39966559?
3
What is the hundreds digit of 322418799?
7
What is the hundred thousands digit of 112542127?
5
What is the ten millions digit of 48048516?
4
What is the billions digit of 1350190881?
1
What is the hundred millions digit of 864307449?
8
What is the units digit of 404592138?
8
What is the units digit of 52460164?
4
What is the hundred thousands digit of 464171597?
1
What is the tens digit of 61846254?
5
What is the ten thousands digit of 28744594?
4
What is the thousands digit of 14929963?
9
What is the hundred thousands digit of 2713932640?
9
What is the units digit of 166584758?
8
What is the tens digit of 18495333?
3
What is the ten millions digit of 21721725?
2
What is the millions digit of 3248684332?
8
What is the ten millions digit of 712223941?
1
What is the hundred thousands digit of 15796097?
7
What is the hundred thousands digit of 106341395?
3
What is the hundred millions digit of 1806555646?
8
What is the tens digit of 1545191567?
6
What is the tens digit of 42905674?
7
What is the hundreds digit of 46398146?
1
What is the hundred millions digit of 6061870285?
0
What is the tens digit of 13251058?
5
What is the hundred thousands digit of 16069337?
0
What is the hundred millions digit of 103622937?
1
What is the tens digit of 371304342?
4
What is the hundred thousands digit of 107895430?
8
What is the units digit of 101659936?
6
What is the millions digit of 42056919?
2
What is the ten millions digit of 63475950?
6
What is the hundred millions digit of 704548886?
7
What is the hundred thousands digit of 128666882?
6
What is the tens digit of 1062207666?
6
What is the ten millions digit of 290142738?
9
What is the ten millions digit of 36004786?
3
What is the ten millions digit of 25075491?
2
What is the hundred millions digit of 3695720038?
6
What is the ten millions digit of 15281433?
1
What is the hundred millions digit of 2548549781?
5
What is the ten millions digit of 1244468833?
4
What is the billions digit of 1430703622?
1
What is the hundreds digit of 16204658?
6
What is the tens digit of 5679376625?
2
What is the ten millions digit of 17495734?
1
What is the ten thousands digit of 11561477?
6
What is the hundred thousands digit of 836894425?
8
What is the ten thousands digit of 24512803?
1
What is the thousands digit of 112100360?
0
What is the hundreds digit of 3657678?
6
What is the ten thousands digit of 20037037?
3
What is the ten millions digit of 1770668697?
7
What is the millions digit of 17738122?
7
What is the hundreds digit of 96129468?
4
What is the hundred thousands digit of 1833878367?
8
What is the ten thousands digit of 561615634?
1
What is the thousands digit of 381154315?
4
What is the hundred millions digit of 220087747?
2
What is the tens digit of 2961300691?
9
What is the hundreds digit of 586347904?
9
What is the thousands digit of 1935809406?
9
What is the thousands digit of 48053024?
3
What is the millions digit of 4240103216?
0
What is the hundreds digit of 90071446?
4
What is the hundred thousands digit of 494520952?
5
What is the hundred millions digit of 219354968?
2
What is the thousands digit of 87776312?
6
What is the units digit of 2863124775?
5
What is the ten thousands digit of 115177997?
7
What is the hundreds digit of 3514696587?
5
What is the hundred thousands digit of 353194374?
1
What is the hundred thousands digit of 128120428?
1
What is the hundred millions digit of 368900766?
3
What is the ten thousands digit of 38644607?
4
What is the hundred millions digit of 355416957?
3
What is the units digit of 75542003?
3
What is the ten millions digit of 106308783?
0
What is the ten millions digit of 740911437?
4
What is the ten thousands digit of 202256842?
5
What is the billions digit of 4434603174?
4
What is the units digit of 252561392?
2
What is the ten thousands digit of 58395575?
9
What is the ten thousands digit of 579838723?
3
What is the ten thousands digit of 499984974?
8
What is 